inder when 77747187 is divided by 786?
783
Calculate the remainder when 29887744 is divided by 44542.
62
Calculate the remainder when 167139 is divided by 1122.
1083
Calculate the remainder when 4302077 is divided by 1180.
977
What is the remainder when 1058059 is divided by 58781?
1
Calculate the remainder when 191158863 is divided by 162.
159
What is the remainder when 1451672 is divided by 5145?
782
What is the remainder when 343393 is divided by 22404?
7333
What is the remainder when 221367992 is divided by 16?
8
Calculate the remainder when 28459495 is divided by 11.
9
What is the remainder when 233251263 is divided by 8384?
8383
What is the remainder when 387748 is divided by 387679?
69
What is the remainder when 54456 is divided by 2515?
1641
What is the remainder when 175665 is divided by 96?
81
What is the remainder when 354110 is divided by 50583?
29
What is the remainder when 83437 is divided by 27421?
1174
Calculate the remainder when 732248 is divided by 592.
536
What is the remainder when 631474 is divided by 679?
4
What is the remainder when 33658616 is divided by 295251?
2
What is the remainder when 16766447 is divided by 698599?
71
What is the remainder when 666048 is divided by 510?
498
What is the remainder when 13866 is divided by 1166?
1040
What is the remainder when 347620 is divided by 178?
164
Calculate the remainder when 87311 is divided by 1074.
317
What is the remainder when 77078202 is divided by 119?
117
What is the remainder when 5915 is divided by 818?
189
What is the remainder when 24370107 is divided by 123?
117
Calculate the remainder when 308275 is divided by 8435.
4615
Calculate the remainder when 710542 is divided by 8830.
4142
Calculate the remainder when 29083499 is divided by 25.
24
What is the remainder when 8283644 is divided by 376527?
50
Calculate the remainder when 2278901 is divided by 455779.
6
What is the remainder when 2501073 is divided by 26?
3
What is the remainder when 886518 is divided by 88?
6
Calculate the remainder when 42483093 is divided by 634076.
1
Calculate the remainder when 1368756637 is divided by 992.
989
What is the remainder when 7078636 is divided by 147?
145
What is the remainder when 1151194 is divided by 5643?
22
Calculate the remainder when 248951 is divided by 22543.
978
Calculate the remainder when 35079577 is divided by 498.
457
Calculate the remainder when 5716630 is divided by 124.
106
Calculate the remainder when 26168408 is divided by 557.
548
Calculate the remainder when 53733 is divided by 251.
19
What is the remainder when 3204419 is divided by 21?
8
What is the remainder when 97446328 is divided by 20?
8
Calculate the remainder when 30081 is divided by 2933.
751
Calculate the remainder when 5179496 is divided by 2589719.
58
Calculate the remainder when 1222090 is divided by 1467.
79
What is the remainder when 304310 is divided by 423?
173
Calculate the remainder when 4125210 is divided by 5316.
5310
What is the remainder when 305145 is divided by 43563?
204
What is the remainder when 338471768 is divided by 433?
431
What is the remainder when 60626 is divided by 4663?
7
Calculate the remainder when 3346804 is divided by 65620.
184
Calculate the remainder when 794732 is divided by 82.
70
What is the remainder when 2348176 is divided by 93927?
1
Calculate the remainder when 7515480 is divided by 3890.
0
What is the remainder when 713389 is divided by 296?
29
Calculate the remainder when 19525662 is divided by 2322.
2286
Calculate the remainder when 1649922 is divided by 412471.
38
Calculate the remainder when 8545505 is divided by 144839.
4
What is the remainder when 1159843 is divided by 366?
355
What is the remainder when 731736 is divided by 9878?
764
What is the remainder when 1520139 is divided by 42222?
147
Calculate the remainder when 7696179 is divided by 248.
243
Calculate the remainder when 14202910 is divided by 168.
22
Calculate the remainder when 3915394 is divided by 105821.
17
What is the remainder when 43970742 is divided by 39?
36
What is the remainder when 333383 is divided by 2664?
383
Calculate the remainder when 17760386 is divided by 13.
7
Calculate the remainder when 1126181 is divided by 574.
567
What is the remainder when 1245496 is divided by 28965?
1
Calculate the remainder when 4808716 is divided by 11.
0
What is the remainder when 276773 is divided by 30594?
1427
Calculate the remainder when 427219654 is divided by 213609826.
2
Calculate the remainder when 240826 is divided by 16054.
16
What is the remainder when 131940429 is divided by 1872?
1869
Calculate the remainder when 21579750 is divided by 17250.
0
What is the remainder when 171956058 is divided by 107?
103
What is the remainder when 56922996 is divided by 29?
27
Calculate the remainder when 342153 is divided by 21.
0
Calculate the remainder when 87244868 is divided by 59.
34
What is the remainder when 320094 is divided by 6399?
144
What is the remainder when 545548 is divided by 90769?
934
Calculate the remainder when 6808966 is divided by 1702148.
374
Calculate the remainder when 25188019 is divided by 494.
441
What is the remainder when 2049172 is divided by 59?
43
What is the remainder when 139490 is divided by 27851?
235
What is the remainder when 1322580767 is divided by 70?
67
What is the remainder when 511600080 is divided by 126?
12
Calculate the remainder when 89819261 is divided by 3417.
3416
What is the remainder when 29798992 is divided by 3300?
3292
What is the remainder when 13195923 is divided by 9?
6
What is the remainder when 23186674 is divided by 5448?
5434
Calculate the remainder when 158424952 is divided by 319.
301
What is the remainder when 1275861938 is divided by 10?
8
What is the remainder when 383687 is divided by 864?
71
What is the remainder when 3816151 is divided by 27?
25
What is the remainder when 4550839 is divided by 1326?
7
Calculate the remainder when 17231 is divided by 729.
464
What is the remainder when 1147234 is divided by 1542?
1528
What is the remainder when 307686898 is divided by 14?
8
Calculate the remainder when 32668 is divided by 631.
487
What is the remainder when 17293553 is divided by 1729354?
13
What is the remainder when 97502478 is divided by 22?
18
What is the remainder when 55973824 is divided by 18?
16
What is the remainder when 6803885 is divided by 27?
20
What is the remainder when 1821642 is divided by 23657?
53
Calculate the remainder when 400006 is divided by 5970.
16
What is the remainder when 83917 is divided by 4476?
3349
What is the remainder when 1098204353 is divided by 78?
77
Calculate the remainder when 3033371 is divided by 113.
112
Calculate the remainder when 2810831 is divided by 127765.
1
What is the remainder when 116877 is divided by 9720?
237
Calculate the remainder when 1302352 is divided by 55.
7
What is the remainder when 3381687 is divided by 145?
142
What is the remainder when 9375661 is divided by 19?
16
Calculate the remainder when 1526011 is divided by 4091.
68
Calculate the remainder when 61996878 is divided by 827.
823
What is the remainder when 4040570 is divided by 55?
50
Calculate the remainder when 81405 is divided by 1151.
835
What is the remainder when 78949 is divided by 1578?
49
What is the remainder when 1054381998 is divided by 6625?
6623
What is the remainder when 113608631 is divided by 4807?
4800
What is the remainder when 9021407 is divided by 33915?
17
Calculate the remainder when 27009 is divided by 6680.
289
Calculate the remainder when 2973353 is divided by 11.
9
Calculate the remainder when 8751763 is divided by 114.
97
Calculate the remainder when 168886 is divided by 322.
158
What is the remainder when 126441 is divided by 3781?
1668
What is the remainder when 2970038 is divided by 32?
22
What is the remainder when 123767 is divided by 127?
69
What is the remainder when 11070358 is divided by 126?
124
What is the remainder when 57768 is divided by 9415?
1278
Calculate the remainder when 232274783 is divided by 155.
153
What is the remainder when 20157632 is divided by 1439821?
138
What is the remainder when 28345 is divided by 28018?
327
Calculate the remainder when 179550 is divided by 16309.
151
What is the remainder when 415850 is divided by 415843?
7
Calcul